(5). Let i = s + 3. Let t(p) = 4*p - 11. What are the prime factors of t(i)?
37
Suppose -49 = 4*u - k + 2, -3*u = 2*k + 30. Let m = 25 - 21. What are the prime factors of m + u*1/(-2)?
2, 5
Suppose -2*c = -3*u - 3235, 0 = -5*c - 18*u + 5*u + 8026. List the prime factors of c.
1613
Let w = 121819 - 44677. What are the prime factors of w?
2, 3, 13, 23, 43
Let y(x) = -x**3 + 5*x**2 - x - 2. Let d be y(4). Let a be (-4)/d + -4 + (-1152)/(-30). Suppose s - a = 13. List the prime factors of s.
47
Suppose 0 = -363*q + 367*q - 2*v - 40308, 2*q = 4*v + 20136. List the prime factors of q.
2, 3, 5, 7
Suppose 21*s - 20*s - 16 = 0. Suppose 4*z = k - 36, -5*z - s = 2*k + 16. Let i(o) = o + 85. List the prime factors of i(z).
7, 11
Let r(n) = -n - 3. Let i be r(-6). Let f(y) = -3*y + 11 - y**2 + 3*y**3 + 4*y**2 - 4*y**i. List the prime factors of f(3).
2
Let d(s) = 72*s**3 - 259*s**2 + 2424*s - 13. List the prime factors of d(9).
2, 7, 17
What are the prime factors of (-35)/1*40960/(-50)?
2, 7
Let i(w) be the first derivative of -5*w**4/8 + 25*w**3/3 - 7*w**2 + 21. Let s(n) be the second derivative of i(n). List the prime factors of s(-8).
2, 5, 17
Let s(c) = -3738*c + 1324. List the prime factors of s(-9).
2, 17483
Suppose 4*m - 92 = 6*m. Let t = m - -51. Suppose -46 = t*h - 6*h. What are the prime factors of h?
2, 23
Let x(n) = -7*n**3 - 2*n**2 - 4*n. Let j be x(-2). Let i = 61 - j. Suppose -4*k + 7 = -i, -5*k = 5*z - 730. List the prime factors of z.
11, 13
Let l(n) = 25*n**2 + 61*n + 829. List the prime factors of l(48).
61357
Let q = -142 + 16. Let a = q + 108. List the prime factors of 143 - (-15)/45*a/(-2).
2, 73
Suppose -65*i + 207*i - 582200 = 0. List the prime factors of i.
2, 5, 41
Let z(v) be the first derivative of 19*v**3/3 - v**2 - v - 4. Let g(n) = -8*n - 470. Let r be g(-59). List the prime factors of z(r).
71
Let r be 21*(-2 + 3)*(-63)/(-27). Suppose -10*f + r*f = 34905. List the prime factors of f.
5, 179
Let n be (4 - 3)*-3 - 39. List the prime factors of (-2)/(-12) - (8 + 6545/n).
2, 37
Let k(l) = -2*l**3 + 33*l**2 + 24*l + 2. Let j = 264 + -247. List the prime factors of k(j).
11
Suppose -130*r - 424508 = -599022 - 1659006. What are the prime factors of r?
2, 41, 43
Let t(p) = p**3 - 10*p**2 + 20*p - 19. Let w be t(8). Suppose 3*h + 4*b + 7 = 0, 0 = -2*h + h - 4*b - w. Suppose -17 = -h*c + 181. List the prime factors of c.
2, 3, 11
Let y(s) = 2908*s - 128. What are the prime factors of y(1)?
2, 5, 139
Suppose -2*y + 42459 = -3*s, 107*s = 2*y + 108*s - 42479. What are the prime factors of y?
3, 7079
Let d(p) = -7*p**2 - 6*p - 47. Let g(r) = -5*r**2 - 4*r - 31. Let j(c) = -5*d(c) + 8*g(c). Let y be j(5). Let v = y + 216. What are the prime factors of v?
2, 17
Suppose 5*f = -2*r + 2497 + 6072, -4*r - 12 = 0. List the prime factors of f.
5, 7
Suppose -5*f + 653 = -v, -v + 436 = f + 1101. Let g = -393 - v. Suppose -g = k - 11*k. What are the prime factors of k?
3
Suppose -107*p = -165262 - 401624. List the prime factors of p.
2, 3, 883
Suppose 294 = -2*j + 5*j. Suppose 0 = -b - v + j, -3*b = 6*v - v - 304. Let q = 143 - b. List the prime factors of q.
2, 5
Let b(l) = 7 + 20 + 5 - 30*l. Let s be b(3). Let f = s + 98. What are the prime factors of f?
2, 5
Let v = -58 + 44. Let d = v - -20. What are the prime factors of ((d/(-5))/1)/(18/(-1710))?
2, 3, 19
Let n be (1*(-44)/55)/(2/(-15)). Suppose n*h = -10*h + 6880. List the prime factors of h.
2, 5, 43
Let b = 1484 + -904. Let m = 708 - b. List the prime factors of m.
2
Let k be 1/4 + (-333)/(-12). Let q = -30 + k. List the prime factors of 230/18 - -3 - q/9.
2
Suppose 0 = 888*l - 896*l + 15031 + 20689. What are the prime factors of l?
5, 19, 47
Suppose d = -3*t + 642, 2*t - d = 2*d + 439. Let w = 326 - t. What are the prime factors of w?
3, 37
Let u(g) = 2*g**3 - 17*g**2 - 28*g + 66. List the prime factors of u(20).
2, 3, 1451
Suppose 87*j - 85*j = 194. Let i = -109 + j. What are the prime factors of (0 - -46) + -3 + i/(-2)?
7
List the prime factors of (280/105)/(1010/1008 - 1).
2, 3, 7
Suppose 4*j + 120 = y, 30 = -j - 8*y + 4*y. Let p = j + 33. Suppose 0 = -4*g - 2*b + p*b + 133, 0 = 4*g - 4*b - 148. List the prime factors of g.
2
Suppose -3432 - 5304 = -2*b. List the prime factors of b.
2, 3, 7, 13
Let l(c) = 135*c + 29. Let a(n) = -134*n - 25. Let v(p) = -5*a(p) - 6*l(p). List the prime factors of v(-2).
3, 7, 11
Let u(h) = -h + 14. Let t be u(12). Suppose 0*x - 4*x = t*d - 768, 962 = 5*x + 3*d. Suppose -3*l = 4*r - 155, -2*r - r = -4*l + x. List the prime factors of l.
7
Let k = 122396 - 83298. List the prime factors of k.
2, 113, 173
What are the prime factors of (-3037)/((-18)/(360/20))?
3037
Suppose 0 = 3*l + l. Let a be -8 + 14 + 4 - 10. Suppose l = -3*i - 2*g + 410, a = 4*i + 4*g - 117 - 423. What are the prime factors of i?
2, 5, 7
Let m be (-2)/(-4)*(176 - (-110)/11). What are the prime factors of (-8182)/(-6) + m/279?
2, 11, 31
List the prime factors of 926/4*24 + (-13 - -17).
2, 5, 139
Suppose -752173 = -25*z + 27*z - 31*z. What are the prime factors of z?
37, 701
Suppose -5*s + 0*r - 3*r + 4161 = 0, 2*r + 3320 = 4*s. Let f = 1492 - s. List the prime factors of f.
661
Let a(h) = 638*h**2 - 207*h - 1517. What are the prime factors of a(-7)?
2, 3, 1733
Suppose 17817 = 5*r + 6012. Suppose 8997 - r = 6*p. List the prime factors of p.
2, 7, 79
Suppose -z + 6 - 10 = 0. What are the prime factors of 63810/81 - z/18?
2, 197
Let y(d) = -33*d + 26 - 12*d + 3*d - 10*d. What are the prime factors of y(-9)?
2, 13, 19
Suppose -5*x = -2*s - 3285, -6*x - 4*s = -3*x - 1997. Let d be 3 - -1 - (-464)/(-1). Let u = d + x. What are the prime factors of u?
199
Suppose 0 = w - 4*b - 186, w = 14*b - 12*b + 176. Suppose -s - 35 = 69. Let a = s + w. List the prime factors of a.
2, 31
Suppose 2*u - 8 - 14 = -3*f, 0 = 3*f - 2*u - 2. Let b be (-1 - 63) + (1 - f - -7). List the prime factors of b/(-8)*28*3/9.
2, 5, 7
Let b = 829 - 222. Let t = b - 352. Suppose 4*h - 260 = -4*o, 4*h - 3*o - t = -6*o. List the prime factors of h.
2, 3, 5
Suppose 2*u = m + 128, 3*m = -u + 7 + 57. Let x = u + -60. Suppose 5*t = -0*w - x*w + 501, -3 = t. List the prime factors of w.
3, 43
Suppose 5*g - 15 - 8 = 4*p, -3 = g + 3*p. Suppose -4*m - 314 = 3*x - 794, -4*m + 456 = -g*x. Let l = m - 71. What are the prime factors of l?
2, 23
Let n = 20468 + -727. Suppose n = 73*b - 54*b. List the prime factors of b.
1039
Let s(j) = 11*j - 17. Suppose n - g + 6 + 4 = 0, -n - 13 = -4*g. Let x be n/3 + 3 + 5. What are the prime factors of s(x)?
2, 19
Let q(v) be the second derivative of -65*v**3/6 + 60*v**2 + 232*v. List the prime factors of q(-23).
5, 17, 19
Let n be (1/(-4))/((-2)/2216). Let r = n - 197. Suppose -2*m + 199 = -3*q, -4*q + r = 2*m - 98. What are the prime factors of m?
5, 19
Suppose -8*j = -12*j + 80. Let w be 82*(-5)/j*-6. Suppose 0 = -4*u + 5 + w. List the prime factors of u.
2
Let f(l) = 18 - l**2 - 17*l - 11*l + 21 + 18. List the prime factors of f(-22).
3, 7
Suppose -25*q + 48 = -2. Suppose -424 = -q*m + 10. List the prime factors of m.
7, 31
Suppose p = -3*p + 3*i + 32, 5*p = i + 29. Suppose -5*u + 3*u + 1720 = 4*f, -p*f = 0. What are the prime factors of u?
2, 5, 43
Suppose -3*w + 1 = -8, l + 2*w = 913. Let r = -521 + l. List the prime factors of r.
2, 193
Suppose 2607 = o + 3*f - 4720, 3*f + 14654 = 2*o. List the prime factors of o.
17, 431
Let t(v) be the first derivative of -517*v**2 - v + 59. What are the prime factors of t(-1)?
1033
Let n(h) = -42*h**2 + h - 3. Let z be n(5). What are the prime factors of (-333)/(-74)*z/(-6)?
2, 3, 131
Let h(r) = r**2 - 39*r + 3. Suppose 0 = q - 2*o + 7 + 1, -3*q - 35 = 5*o. List the prime factors of h(q).
17, 29
Suppose 2*i + 4*l = -910 + 3230, -3*i + 3*l + 3516 = 0. Suppose -5*r = 3*n - 1619, -4*r + n = -117 - i. List the prime factors of r.
2, 7, 23
What are the prime factors of (-5)/(-1) - (60 + -5889)?
2, 2917
Let s(i) = -4*i**2 + 3*i - 380 - i + 3*i**2. Let y be s(0). What are the prime factors of 96/(-80)*y/3?
2, 19
What are the prime factors of ((-2100)/200)/((-9)/402)?
7, 67
Let w be (3 - 0)*(-12)/(-9). Suppose -w*m = 5*i - 120, i = 7*m - 3*m + 48. Suppose 2*j - i = 194. List the prime factors of j.
3, 37
Let h(y) = 264*y**2 + 34*y - 18*y - 12 - 17*y. Let j be h(-3).